1 = 3*w - h. Suppose -w*r - 47 = -p - 0*r, 93 = 4*p - r. What is the units digit of p?
2
Let j = -7748 - -11297. What is the thousands digit of j?
3
Let r = -5169 + 1133. Let v = -2818 - r. What is the hundreds digit of v?
2
Let f be 0 + (-110)/(-5)*(-3)/(-1). What is the hundreds digit of 8/6*21483/f?
4
Suppose -6*a + 6837 = -3*k + 17634, 4*a - 17883 = -5*k. What is the units digit of k?
3
Suppose -234*w + 271*w - 591001 = 0. What is the hundreds digit of w?
9
Let b(j) = -6 - 45 + 12*j + 32*j - 10*j. What is the units digit of b(10)?
9
Let w be 46/(-23) - (-40)/2. Suppose -2 = -o - w. Let x = 12 - o. What is the tens digit of x?
2
Let u(q) = -q**3 + 8*q**2 - 10*q + 23. Let n be u(7). Let k(v) = -14*v - v**3 + 3*v - 9 - v**n + 10*v**2 + 12*v. What is the units digit of k(7)?
6
Let v(n) be the third derivative of 1/10*n**5 + 1/24*n**4 + 0*n + 0 - 1/3*n**3 - 1/120*n**6 + 34*n**2. What is the tens digit of v(5)?
2
Suppose h + 4*k - 9554 - 304 = 0, 4*h - 6*k - 39410 = 0. What is the units digit of h?
4
Let q(b) = -3*b**3 + 243*b**2 - 25*b + 473. What is the thousands digit of q(80)?
7
Let y(u) = 3*u**2 - 32*u + 44. Let q be y(8). What is the units digit of (q/3)/((-32)/5280)?
0
Let n(h) be the third derivative of -11*h**4/4 - 9*h**3/2 + 8*h**2. Suppose -4*f + 0*x = -3*x + 15, -2 = -2*x. What is the tens digit of n(f)?
7
What is the hundreds digit of 297/(-59 + 32) - (0 - 30860)?
8
Let b be 70/(-10)*(4 + -3). Let v(r) be the third derivative of r**5/60 - 3*r**4/4 - 7*r**3/6 - 2*r**2. What is the units digit of v(b)?
8
Suppose j + 30 = 4*y, -3*j = -y + 39 - 4. What is the hundreds digit of (-105)/(-42)*(-1364)/j?
3
Let c(j) = -7*j**2 - 20 + 17*j + 17*j**2 - 11*j**2. Let i be c(16). What is the tens digit of -212*(i + 18/4 - 1)?
0
What is the units digit of ((-4298)/6)/(34/(-306))?
7
Let m be 2/6 - 9/((-324)/36240). Let y = m + -684. What is the tens digit of y?
2
Let t = 395 - 365. Suppose 0 = 27*q - t*q + 2988. What is the hundreds digit of q?
9
Suppose 34 = 11*o - 13*o. What is the hundreds digit of o/(272/1740)*(-8)/2?
4
Suppose 129*x - 1242223 = 9*x + 702857. What is the tens digit of x?
0
Suppose 3*v + 20 - 26 = 0. Suppose 4*c = -3*o + 1145, -2*o - 5*c + 1528 = v*o. What is the hundreds digit of o?
3
Let d be (0 - -1264)*(-2)/(-2). Let z = -3713 - -3713. Suppose 3*x + 5*x - d = z. What is the hundreds digit of x?
1
Let m(g) = 3073*g**2 + 82*g - 81. What is the units digit of m(1)?
4
Suppose -24 = -4*h, -4*l = 11*h - 8*h - 55918. What is the tens digit of l?
7
Let j = -66 - -415. Let h = j - -1093. What is the hundreds digit of h?
4
Suppose 3*v - 18 = -3*v. Suppose v*x - 5*g - 121 = 148, 0 = 5*x + 4*g - 510. Suppose -n = x - 295. What is the tens digit of n?
9
Suppose -w - 143437 = -6*q, 0 = 2*q + 6*w - 3*w - 47789. What is the thousands digit of q?
3
Suppose 0 = 2*g - 4, -5*d - 30*g = -26*g - 54018. What is the thousands digit of d?
0
Let u(v) = -7*v**2 - 4*v + 1. Let s be u(-8). Let z = -274 - s. What is the hundreds digit of z?
1
Let u(f) = 467*f**3 + 4*f**2 + 23*f - 5. What is the tens digit of u(4)?
3
Let u(p) = 2*p**3 + 21*p**2 + p + 29. Let i(q) = q**3 + 11*q**2 + 15. Let x(o) = -13*i(o) + 6*u(o). What is the hundreds digit of x(-18)?
1
Let u be -10*((-12)/(-10))/(-3). Let c be u/16*4*-13. What is the units digit of c/((-26)/288) - -3?
7
Let x be 57/2 - (5 - (-9)/(-2)). Suppose -3*o - x = -7*o. Suppose 175 = o*i - 56. What is the tens digit of i?
3
Let c = -398 + 400. Suppose -220 + 1750 = c*l. What is the hundreds digit of l?
7
Suppose 29*w - 34*w + 10 = 0. What is the units digit of 298 + (-6 - (-4 - w - -3))?
5
Let r(i) = 3*i - 13. Let y be r(5). Suppose y*d - 271 = -g, 7*g = 3*g + 5*d + 1097. What is the tens digit of g?
7
Suppose -b + 3*s + 1439 = 0, b - 177*s + 178*s = 1435. What is the thousands digit of b?
1
Let n = 30 + -31. What is the tens digit of (0 - 1) + n - (-12 - 531)?
4
Let h = -238 + 18333. What is the tens digit of h?
9
Suppose -2*p - 38 = 2*f, -3*p + 4*f = 35 + 29. Let d be (4/2 - 2)/(p/(-10)). Suppose 2*n - 738 = -5*k, -k + d*n = 4*n - 144. What is the tens digit of k?
4
Suppose 5*r - 4747 = 4788. What is the tens digit of r?
0
Suppose 57*x - 65*x - 568 = 0. What is the tens digit of 0 + 2/(-2) - x - -3?
7
Let i(s) = 22*s**2 + s + 1. Let o be i(-1). Let n = o - 44. Let x = 24 + n. What is the units digit of x?
2
Let k = 1768 - 847. Suppose 354 - k = -7*n. What is the tens digit of n?
8
Let d(y) = -7*y - 41. Let n be (-66)/4*(2 - 4/3). Let a(t) = t**3 + 10*t**2 - 9*t + 5. Let k be a(n). What is the tens digit of d(k)?
7
Suppose 402*m + 441342 = 435*m. What is the tens digit of m?
7
Let z be 0 + (-2)/4 - 54/4. What is the units digit of (z/(-21))/((-2)/(-2022))?
4
Suppose -j + 159267 = 5*r, 7*r + 4*j - 7978 - 215014 = 0. What is the tens digit of r?
5
Let g = 28220 - 27154. What is the tens digit of g?
6
Suppose -37*l + 32*l = 0. Suppose 0*u = -2*u + h + 899, 4*h + 4 = l. What is the tens digit of u?
4
Suppose -2*b + k = 25086 - 74331, -14 = -2*k. What is the hundreds digit of b?
6
Let w(g) = -g**3 + 9*g**2 - 2*g + 2994. What is the thousands digit of w(0)?
2
Let h be -3 - (14/(-42) + (-13965)/9). What is the hundreds digit of h*-9*5/(-45)?
5
Let o = 129 + -24. Suppose 690 = 3*m - j, 690 = 3*m + 6*j - j. Let n = m - o. What is the hundreds digit of n?
1
Let a = -18 + 23. Let j be 3*(-2)/(-3)*2. Suppose j*y - 5*y + 2*v + 19 = 0, -95 = -a*y + v. What is the units digit of y?
9
What is the tens digit of 11/(-23 + (-10700442)/(-465228))?
4
Let c(m) = -753*m + 1143. What is the hundreds digit of c(-10)?
6
Let j(u) = 5*u - 48. Let i be j(8). Let f(l) = -l**2 - 19*l - 12. Let b(q) = 3*q**2 + 57*q + 35. Let k(p) = i*f(p) - 3*b(p). What is the units digit of k(-18)?
9
Let f be 356/6 - 5 - (-4)/6. Let b = -50 + f. Suppose -b*i + 26 = k, 4*i - 33 = -3*k + 89. What is the tens digit of k?
4
Suppose -190*q + 4100654 + 2908826 = 0. What is the units digit of q?
2
Let x = -13 - -22. Let r be (-3)/45*-5*x/1. Suppose 304 = 2*p + y, 2*p - r*y = -2*p + 618. What is the tens digit of p?
5
Suppose -y = -5*r - 4*y + 45, -2*r - 3*y = -27. Let u = 23 + r. Suppose 2*m - 346 = -2*n, 2*n + u = 2*m - 301. What is the units digit of m?
9
Let h be -20*2/(-16) - (-1)/2. Suppose 2*l - 169 = -n, h*n - 523 = -5*l + 7*l. What is the tens digit of n?
7
Suppose -5*f = 76*w - 71*w, 5*f - 2*w = 28. Suppose 2*s - 58 = f*q + 1816, 967 = s + 4*q. What is the units digit of s?
7
Let o(f) = f**3 - 6*f**2 + 11*f - 3. Let r be o(3). Suppose 13*y - r*y = 3290. What is the hundreds digit of y?
3
Suppose -3*u = -h - 65258, 0 = -4*u - 0*h - 2*h + 86994. What is the ten thousands digit of u?
2
Let z(m) = m**3 + 9*m**2 + 12*m + 16. Let l be z(-7). What is the tens digit of 1476/l + 6 + (-8)/(-10)?
5
Let h = 312 + -302. Let q = 16 + -5. Suppose q*t = h*t + 129. What is the tens digit of t?
2
Let p(r) = -24*r + 4. Let z be p(9). Let k = 620 + z. What is the tens digit of k?
0
Let z(w) = w - 7. Let q be z(14). Suppose 2*s = 5*t - 2208, 1763 = q*t - 3*t - 5*s. What is the hundreds digit of t?
4
Let q = 4649 - 3833. Let o be 52/6*(-9)/(-2). Suppose -35*p = -o*p + q. What is the units digit of p?
4
Suppose 4*k = a - 7749, 68*a - 23223 = 65*a + 4*k. What is the units digit of a?
7
Let v(z) be the first derivative of 17*z**4/4 + 2*z**3/3 - z**2 + 5*z + 1. Let u = 7464 - 7462. What is the tens digit of v(u)?
4
Let g be (-1*6 - -1)*(-50)/125. Suppose 5*w - 6*s + 2*s = 504, -g*w - 2*s + 198 = 0. Let d = w - -120. What is the hundreds digit of d?
2
Let t(w) = w**3 + 16*w**2 - 21*w + 19. Let x(o) = 4*o + 11. Let s be x(-7). What is the tens digit of t(s)?
8
Let y(o) = -5*o**3 + 5*o**2 - 15*o + 9. Let b(d) = 6*d**3 - 6*d**2 + 14*d - 9. Let n(k) = -4*b(k) - 5*y(k). What is the units digit of n(10)?
1
Suppose -6534 = -16*s + 4778. What is the units digit of s?
7
Let s(h) = -h**3 + 18*h**2 - 8*h + 3. Let b be -6 + 9 + (-2)/2 + 16. Suppose -r = -b + 1. What is the tens digit of s(r)?
5
Let g = 52 - 24. Let m(v) = v**2 + 11*v + 8. Let f be m(-15). What is the units digit of (728/g)/(2/f*4)?
1
Let c = 137660 + -98309. What is the tens digit of c?
5
Let x be (-20)/8*112/20. Let f = x - -142. What is the units digit of f?
8
Suppose -3*l = g - 109, 2*l = 3*l - 4*g - 32. Let f be ((-387)/